{"id":15,"date":"2024-12-22T16:27:41","date_gmt":"2024-12-22T16:27:41","guid":{"rendered":"https:\/\/santaanadelosguacaras.gob.ar\/sitionuevo\/?page_id=15"},"modified":"2024-12-29T16:35:19","modified_gmt":"2024-12-29T19:35:19","slug":"autoridades","status":"publish","type":"page","link":"https:\/\/santaanadelosguacaras.gob.ar\/sitio\/autoridades\/","title":{"rendered":"Autoridades"},"content":{"rendered":"\n<div class=\"wp-block-columns is-layout-flex wp-container-core-columns-is-layout-9d6595d7 wp-block-columns-is-layout-flex\">\n<div class=\"wp-block-column is-layout-flow wp-block-column-is-layout-flow\"><div class=\"wp-block-image is-style-rounded\">\n<figure class=\"aligncenter size-medium\"><a href=\"https:\/\/santaanadelosguacaras.gob.ar\/sitio\/wp-content\/uploads\/2024\/12\/sil-sitio.jpg\"><img loading=\"lazy\" decoding=\"async\" width=\"300\" height=\"300\" src=\"https:\/\/santaanadelosguacaras.gob.ar\/sitio\/wp-content\/uploads\/2024\/12\/sil-sitio-300x300.jpg\" alt=\"\" class=\"wp-image-102\" srcset=\"https:\/\/santaanadelosguacaras.gob.ar\/sitio\/wp-content\/uploads\/2024\/12\/sil-sitio-300x300.jpg 300w, https:\/\/santaanadelosguacaras.gob.ar\/sitio\/wp-content\/uploads\/2024\/12\/sil-sitio-150x150.jpg 150w, https:\/\/santaanadelosguacaras.gob.ar\/sitio\/wp-content\/uploads\/2024\/12\/sil-sitio.jpg 500w\" sizes=\"auto, (max-width: 300px) 100vw, 300px\" \/><\/a><\/figure>\n<\/div>\n\n\n<p class=\"has-text-align-center has-medium-font-size\"><strong>Silvana Almir\u00f3n<\/strong><br> Intendente<\/p>\n<\/div>\n\n\n\n<div class=\"wp-block-column is-layout-flow wp-block-column-is-layout-flow\"><div class=\"wp-block-image is-style-rounded\">\n<figure class=\"aligncenter size-medium\"><a href=\"https:\/\/santaanadelosguacaras.gob.ar\/sitio\/wp-content\/uploads\/2024\/12\/vane.jpg\"><img loading=\"lazy\" decoding=\"async\" width=\"300\" height=\"300\" src=\"https:\/\/santaanadelosguacaras.gob.ar\/sitio\/wp-content\/uploads\/2024\/12\/vane-300x300.jpg\" alt=\"\" class=\"wp-image-103\" srcset=\"https:\/\/santaanadelosguacaras.gob.ar\/sitio\/wp-content\/uploads\/2024\/12\/vane-300x300.jpg 300w, https:\/\/santaanadelosguacaras.gob.ar\/sitio\/wp-content\/uploads\/2024\/12\/vane-150x150.jpg 150w, https:\/\/santaanadelosguacaras.gob.ar\/sitio\/wp-content\/uploads\/2024\/12\/vane.jpg 500w\" sizes=\"auto, (max-width: 300px) 100vw, 300px\" \/><\/a><\/figure>\n<\/div>\n\n\n<p class=\"has-text-align-center has-medium-font-size\"><strong>Vanesa Aymerich<br><\/strong>Vice-Intendente<\/p>\n<\/div>\n<\/div>\n","protected":false},"excerpt":{"rendered":"<p>Silvana Almir\u00f3n Intendente Vanesa AymerichVice-Intendente<\/p>\n","protected":false},"author":2,"featured_media":0,"parent":0,"menu_order":0,"comment_status":"closed","ping_status":"closed","template":"","meta":{"footnotes":""},"class_list":["post-15","page","type-page","status-publish","hentry"],"yoast_head":"<!-- This site is optimized with the Yoast SEO plugin v24.8.1 - https:\/\/yoast.com\/wordpress\/plugins\/seo\/ -->\n<title>Autoridades - Municipalidad de Santa Ana de los Gu\u00e1caras<\/title>\n<meta name=\"robots\" content=\"index, follow, max-snippet:-1, max-image-preview:large, max-video-preview:-1\" \/>\n<link rel=\"canonical\" href=\"https:\/\/santaanadelosguacaras.gob.ar\/sitio\/autoridades\/\" \/>\n<meta property=\"og:locale\" content=\"es_ES\" \/>\n<meta property=\"og:type\" content=\"article\" \/>\n<meta property=\"og:title\" content=\"Autoridades - Municipalidad de Santa Ana de los Gu\u00e1caras\" \/>\n<meta property=\"og:description\" content=\"Silvana Almir\u00f3n Intendente Vanesa AymerichVice-Intendente\" \/>\n<meta property=\"og:url\" content=\"https:\/\/santaanadelosguacaras.gob.ar\/sitio\/autoridades\/\" \/>\n<meta property=\"og:site_name\" content=\"Municipalidad de Santa Ana de los Gu\u00e1caras\" \/>\n<meta property=\"article:publisher\" content=\"https:\/\/www.facebook.com\/MuniSantaAnaDeLosGuacaras\" \/>\n<meta property=\"article:modified_time\" content=\"2024-12-29T19:35:19+00:00\" \/>\n<meta property=\"og:image\" content=\"https:\/\/santaanadelosguacaras.gob.ar\/sitio\/wp-content\/uploads\/2024\/12\/sil-sitio.jpg\" \/>\n\t<meta property=\"og:image:width\" content=\"500\" \/>\n\t<meta property=\"og:image:height\" content=\"500\" \/>\n\t<meta property=\"og:image:type\" content=\"image\/jpeg\" \/>\n<meta name=\"twitter:card\" content=\"summary_large_image\" \/>\n<script type=\"application\/ld+json\" class=\"yoast-schema-graph\">{\"@context\":\"https:\/\/schema.org\",\"@graph\":[{\"@type\":\"WebPage\",\"@id\":\"https:\/\/santaanadelosguacaras.gob.ar\/sitio\/autoridades\/\",\"url\":\"https:\/\/santaanadelosguacaras.gob.ar\/sitio\/autoridades\/\",\"name\":\"Autoridades - Municipalidad de Santa Ana de los Gu\u00e1caras\",\"isPartOf\":{\"@id\":\"https:\/\/santaanadelosguacaras.gob.ar\/sitio\/#website\"},\"primaryImageOfPage\":{\"@id\":\"https:\/\/santaanadelosguacaras.gob.ar\/sitio\/autoridades\/#primaryimage\"},\"image\":{\"@id\":\"https:\/\/santaanadelosguacaras.gob.ar\/sitio\/autoridades\/#primaryimage\"},\"thumbnailUrl\":\"https:\/\/santaanadelosguacaras.gob.ar\/sitio\/wp-content\/uploads\/2024\/12\/sil-sitio-300x300.jpg\",\"datePublished\":\"2024-12-22T16:27:41+00:00\",\"dateModified\":\"2024-12-29T19:35:19+00:00\",\"breadcrumb\":{\"@id\":\"https:\/\/santaanadelosguacaras.gob.ar\/sitio\/autoridades\/#breadcrumb\"},\"inLanguage\":\"es\",\"potentialAction\":[{\"@type\":\"ReadAction\",\"target\":[\"https:\/\/santaanadelosguacaras.gob.ar\/sitio\/autoridades\/\"]}]},{\"@type\":\"ImageObject\",\"inLanguage\":\"es\",\"@id\":\"https:\/\/santaanadelosguacaras.gob.ar\/sitio\/autoridades\/#primaryimage\",\"url\":\"https:\/\/santaanadelosguacaras.gob.ar\/sitio\/wp-content\/uploads\/2024\/12\/sil-sitio.jpg\",\"contentUrl\":\"https:\/\/santaanadelosguacaras.gob.ar\/sitio\/wp-content\/uploads\/2024\/12\/sil-sitio.jpg\",\"width\":500,\"height\":500},{\"@type\":\"BreadcrumbList\",\"@id\":\"https:\/\/santaanadelosguacaras.gob.ar\/sitio\/autoridades\/#breadcrumb\",\"itemListElement\":[{\"@type\":\"ListItem\",\"position\":1,\"name\":\"Portada\",\"item\":\"https:\/\/santaanadelosguacaras.gob.ar\/sitio\/\"},{\"@type\":\"ListItem\",\"position\":2,\"name\":\"Autoridades\"}]},{\"@type\":\"WebSite\",\"@id\":\"https:\/\/santaanadelosguacaras.gob.ar\/sitio\/#website\",\"url\":\"https:\/\/santaanadelosguacaras.gob.ar\/sitio\/\",\"name\":\"Municipalidad de Santa Ana de los Gu\u00e1caras\",\"description\":\"Descubre Santa Ana de los Gu\u00e1caras, un rinc\u00f3n lleno de historia, cultura y naturaleza en Corrientes. Informaci\u00f3n oficial sobre eventos, turismo, servicios municipales y m\u00e1s. \u00a1Con\u00e9ctate con nuestra comunidad!\",\"publisher\":{\"@id\":\"https:\/\/santaanadelosguacaras.gob.ar\/sitio\/#organization\"},\"alternateName\":\"MuniSantaAna\",\"potentialAction\":[{\"@type\":\"SearchAction\",\"target\":{\"@type\":\"EntryPoint\",\"urlTemplate\":\"https:\/\/santaanadelosguacaras.gob.ar\/sitio\/?s={search_term_string}\"},\"query-input\":{\"@type\":\"PropertyValueSpecification\",\"valueRequired\":true,\"valueName\":\"search_term_string\"}}],\"inLanguage\":\"es\"},{\"@type\":\"Organization\",\"@id\":\"https:\/\/santaanadelosguacaras.gob.ar\/sitio\/#organization\",\"name\":\"Municipalidad de Santa Ana de los Gu\u00e1caras\",\"alternateName\":\"MuniSantaAna\",\"url\":\"https:\/\/santaanadelosguacaras.gob.ar\/sitio\/\",\"logo\":{\"@type\":\"ImageObject\",\"inLanguage\":\"es\",\"@id\":\"https:\/\/santaanadelosguacaras.gob.ar\/sitio\/#\/schema\/logo\/image\/\",\"url\":\"https:\/\/santaanadelosguacaras.gob.ar\/sitio\/wp-content\/uploads\/2024\/12\/cropped-logo_muni_250.png\",\"contentUrl\":\"https:\/\/santaanadelosguacaras.gob.ar\/sitio\/wp-content\/uploads\/2024\/12\/cropped-logo_muni_250.png\",\"width\":247,\"height\":95,\"caption\":\"Municipalidad de Santa Ana de los Gu\u00e1caras\"},\"image\":{\"@id\":\"https:\/\/santaanadelosguacaras.gob.ar\/sitio\/#\/schema\/logo\/image\/\"},\"sameAs\":[\"https:\/\/www.facebook.com\/MuniSantaAnaDeLosGuacaras\",\"https:\/\/www.instagram.com\/muni_santaana_ctes\"]}]}<\/script>\n<!-- \/ Yoast SEO plugin. -->","yoast_head_json":{"title":"Autoridades - Municipalidad de Santa Ana de los Gu\u00e1caras","robots":{"index":"index","follow":"follow","max-snippet":"max-snippet:-1","max-image-preview":"max-image-preview:large","max-video-preview":"max-video-preview:-1"},"canonical":"https:\/\/santaanadelosguacaras.gob.ar\/sitio\/autoridades\/","og_locale":"es_ES","og_type":"article","og_title":"Autoridades - Municipalidad de Santa Ana de los Gu\u00e1caras","og_description":"Silvana Almir\u00f3n Intendente Vanesa AymerichVice-Intendente","og_url":"https:\/\/santaanadelosguacaras.gob.ar\/sitio\/autoridades\/","og_site_name":"Municipalidad de Santa Ana de los Gu\u00e1caras","article_publisher":"https:\/\/www.facebook.com\/MuniSantaAnaDeLosGuacaras","article_modified_time":"2024-12-29T19:35:19+00:00","og_image":[{"width":500,"height":500,"url":"https:\/\/santaanadelosguacaras.gob.ar\/sitio\/wp-content\/uploads\/2024\/12\/sil-sitio.jpg","type":"image\/jpeg"}],"twitter_card":"summary_large_image","schema":{"@context":"https:\/\/schema.org","@graph":[{"@type":"WebPage","@id":"https:\/\/santaanadelosguacaras.gob.ar\/sitio\/autoridades\/","url":"https:\/\/santaanadelosguacaras.gob.ar\/sitio\/autoridades\/","name":"Autoridades - Municipalidad de Santa Ana de los Gu\u00e1caras","isPartOf":{"@id":"https:\/\/santaanadelosguacaras.gob.ar\/sitio\/#website"},"primaryImageOfPage":{"@id":"https:\/\/santaanadelosguacaras.gob.ar\/sitio\/autoridades\/#primaryimage"},"image":{"@id":"https:\/\/santaanadelosguacaras.gob.ar\/sitio\/autoridades\/#primaryimage"},"thumbnailUrl":"https:\/\/santaanadelosguacaras.gob.ar\/sitio\/wp-content\/uploads\/2024\/12\/sil-sitio-300x300.jpg","datePublished":"2024-12-22T16:27:41+00:00","dateModified":"2024-12-29T19:35:19+00:00","breadcrumb":{"@id":"https:\/\/santaanadelosguacaras.gob.ar\/sitio\/autoridades\/#breadcrumb"},"inLanguage":"es","potentialAction":[{"@type":"ReadAction","target":["https:\/\/santaanadelosguacaras.gob.ar\/sitio\/autoridades\/"]}]},{"@type":"ImageObject","inLanguage":"es","@id":"https:\/\/santaanadelosguacaras.gob.ar\/sitio\/autoridades\/#primaryimage","url":"https:\/\/santaanadelosguacaras.gob.ar\/sitio\/wp-content\/uploads\/2024\/12\/sil-sitio.jpg","contentUrl":"https:\/\/santaanadelosguacaras.gob.ar\/sitio\/wp-content\/uploads\/2024\/12\/sil-sitio.jpg","width":500,"height":500},{"@type":"BreadcrumbList","@id":"https:\/\/santaanadelosguacaras.gob.ar\/sitio\/autoridades\/#breadcrumb","itemListElement":[{"@type":"ListItem","position":1,"name":"Portada","item":"https:\/\/santaanadelosguacaras.gob.ar\/sitio\/"},{"@type":"ListItem","position":2,"name":"Autoridades"}]},{"@type":"WebSite","@id":"https:\/\/santaanadelosguacaras.gob.ar\/sitio\/#website","url":"https:\/\/santaanadelosguacaras.gob.ar\/sitio\/","name":"Municipalidad de Santa Ana de los Gu\u00e1caras","description":"Descubre Santa Ana de los Gu\u00e1caras, un rinc\u00f3n lleno de historia, cultura y naturaleza en Corrientes. Informaci\u00f3n oficial sobre eventos, turismo, servicios municipales y m\u00e1s. \u00a1Con\u00e9ctate con nuestra comunidad!","publisher":{"@id":"https:\/\/santaanadelosguacaras.gob.ar\/sitio\/#organization"},"alternateName":"MuniSantaAna","potentialAction":[{"@type":"SearchAction","target":{"@type":"EntryPoint","urlTemplate":"https:\/\/santaanadelosguacaras.gob.ar\/sitio\/?s={search_term_string}"},"query-input":{"@type":"PropertyValueSpecification","valueRequired":true,"valueName":"search_term_string"}}],"inLanguage":"es"},{"@type":"Organization","@id":"https:\/\/santaanadelosguacaras.gob.ar\/sitio\/#organization","name":"Municipalidad de Santa Ana de los Gu\u00e1caras","alternateName":"MuniSantaAna","url":"https:\/\/santaanadelosguacaras.gob.ar\/sitio\/","logo":{"@type":"ImageObject","inLanguage":"es","@id":"https:\/\/santaanadelosguacaras.gob.ar\/sitio\/#\/schema\/logo\/image\/","url":"https:\/\/santaanadelosguacaras.gob.ar\/sitio\/wp-content\/uploads\/2024\/12\/cropped-logo_muni_250.png","contentUrl":"https:\/\/santaanadelosguacaras.gob.ar\/sitio\/wp-content\/uploads\/2024\/12\/cropped-logo_muni_250.png","width":247,"height":95,"caption":"Municipalidad de Santa Ana de los Gu\u00e1caras"},"image":{"@id":"https:\/\/santaanadelosguacaras.gob.ar\/sitio\/#\/schema\/logo\/image\/"},"sameAs":["https:\/\/www.facebook.com\/MuniSantaAnaDeLosGuacaras","https:\/\/www.instagram.com\/muni_santaana_ctes"]}]}},"_links":{"self":[{"href":"https:\/\/santaanadelosguacaras.gob.ar\/sitio\/wp-json\/wp\/v2\/pages\/15","targetHints":{"allow":["GET"]}}],"collection":[{"href":"https:\/\/santaanadelosguacaras.gob.ar\/sitio\/wp-json\/wp\/v2\/pages"}],"about":[{"href":"https:\/\/santaanadelosguacaras.gob.ar\/sitio\/wp-json\/wp\/v2\/types\/page"}],"author":[{"embeddable":true,"href":"https:\/\/santaanadelosguacaras.gob.ar\/sitio\/wp-json\/wp\/v2\/users\/2"}],"replies":[{"embeddable":true,"href":"https:\/\/santaanadelosguacaras.gob.ar\/sitio\/wp-json\/wp\/v2\/comments?post=15"}],"version-history":[{"count":4,"href":"https:\/\/santaanadelosguacaras.gob.ar\/sitio\/wp-json\/wp\/v2\/pages\/15\/revisions"}],"predecessor-version":[{"id":106,"href":"https:\/\/santaanadelosguacaras.gob.ar\/sitio\/wp-json\/wp\/v2\/pages\/15\/revisions\/106"}],"wp:attachment":[{"href":"https:\/\/santaanadelosguacaras.gob.ar\/sitio\/wp-json\/wp\/v2\/media?parent=15"}],"curies":[{"name":"wp","href":"https:\/\/api.w.org\/{rel}","templated":true}]}}

<div class="wp-block-columns is-layout-flex wp-container-core-columns-is-layout-9d6595d7 wp-block-columns-is-layout-flex">
<div class="wp-block-column is-layout-flow wp-block-column-is-layout-flow"><div class="wp-block-image is-style-rounded">
<figure class="aligncenter size-medium"><a href="https://santaanadelosguacaras.gob.ar/sitio/wp-content/uploads/2024/12/sil-sitio.jpg"><img loading="lazy" decoding="async" width="300" height="300" src="https://santaanadelosguacaras.gob.ar/sitio/wp-content/uploads/2024/12/sil-sitio-300x300.jpg" alt="" class="wp-image-102" srcset="https://santaanadelosguacaras.gob.ar/sitio/wp-content/uploads/2024/12/sil-sitio-300x300.jpg 300w, https://santaanadelosguacaras.gob.ar/sitio/wp-content/uploads/2024/12/sil-sitio-150x150.jpg 150w, https://santaanadelosguacaras.gob.ar/sitio/wp-content/uploads/2024/12/sil-sitio.jpg 500w" sizes="auto, (max-width: 300px) 100vw, 300px" /></a></figure>
</div>


<p class="has-text-align-center has-medium-font-size"><strong>Silvana Almirón</strong><br> Intendente</p>
</div>



<div class="wp-block-column is-layout-flow wp-block-column-is-layout-flow"><div class="wp-block-image is-style-rounded">
<figure class="aligncenter size-medium"><a href="https://santaanadelosguacaras.gob.ar/sitio/wp-content/uploads/2024/12/vane.jpg"><img loading="lazy" decoding="async" width="300" height="300" src="https://santaanadelosguacaras.gob.ar/sitio/wp-content/uploads/2024/12/vane-300x300.jpg" alt="" class="wp-image-103" srcset="https://santaanadelosguacaras.gob.ar/sitio/wp-content/uploads/2024/12/vane-300x300.jpg 300w, https://santaanadelosguacaras.gob.ar/sitio/wp-content/uploads/2024/12/vane-150x150.jpg 150w, https://santaanadelosguacaras.gob.ar/sitio/wp-content/uploads/2024/12/vane.jpg 500w" sizes="auto, (max-width: 300px) 100vw, 300px" /></a></figure>
</div>


<p class="has-text-align-center has-medium-font-size"><strong>Vanesa Aymerich<br></strong>Vice-Intendente</p>
</div>
</div>

<p>Silvana Almirón Intendente Vanesa AymerichVice-Intendente</p>

<!-- This site is optimized with the Yoast SEO plugin v24.8.1 - https://yoast.com/wordpress/plugins/seo/ -->
<title>Autoridades - Municipalidad de Santa Ana de los Guácaras</title>
<meta name="robots" content="index, follow, max-snippet:-1, max-image-preview:large, max-video-preview:-1" />
<link rel="canonical" href="https://santaanadelosguacaras.gob.ar/sitio/autoridades/" />
<meta property="og:locale" content="es_ES" />
<meta property="og:type" content="article" />
<meta property="og:title" content="Autoridades - Municipalidad de Santa Ana de los Guácaras" />
<meta property="og:description" content="Silvana Almirón Intendente Vanesa AymerichVice-Intendente" />
<meta property="og:url" content="https://santaanadelosguacaras.gob.ar/sitio/autoridades/" />
<meta property="og:site_name" content="Municipalidad de Santa Ana de los Guácaras" />
<meta property="article:publisher" content="https://www.facebook.com/MuniSantaAnaDeLosGuacaras" />
<meta property="article:modified_time" content="2024-12-29T19:35:19+00:00" />
<meta property="og:image" content="https://santaanadelosguacaras.gob.ar/sitio/wp-content/uploads/2024/12/sil-sitio.jpg" />
	<meta property="og:image:width" content="500" />
	<meta property="og:image:height" content="500" />
	<meta property="og:image:type" content="image/jpeg" />
<meta name="twitter:card" content="summary_large_image" />
<script type="application/ld+json" class="yoast-schema-graph">{"@context":"https://schema.org","@graph":[{"@type":"WebPage","@id":"https://santaanadelosguacaras.gob.ar/sitio/autoridades/","url":"https://santaanadelosguacaras.gob.ar/sitio/autoridades/","name":"Autoridades - Municipalidad de Santa Ana de los Guácaras","isPartOf":{"@id":"https://santaanadelosguacaras.gob.ar/sitio/#website"},"primaryImageOfPage":{"@id":"https://santaanadelosguacaras.gob.ar/sitio/autoridades/#primaryimage"},"image":{"@id":"https://santaanadelosguacaras.gob.ar/sitio/autoridades/#primaryimage"},"thumbnailUrl":"https://santaanadelosguacaras.gob.ar/sitio/wp-content/uploads/2024/12/sil-sitio-300x300.jpg","datePublished":"2024-12-22T16:27:41+00:00","dateModified":"2024-12-29T19:35:19+00:00","breadcrumb":{"@id":"https://santaanadelosguacaras.gob.ar/sitio/autoridades/#breadcrumb"},"inLanguage":"es","potentialAction":[{"@type":"ReadAction","target":["https://santaanadelosguacaras.gob.ar/sitio/autoridades/"]}]},{"@type":"ImageObject","inLanguage":"es","@id":"https://santaanadelosguacaras.gob.ar/sitio/autoridades/#primaryimage","url":"https://santaanadelosguacaras.gob.ar/sitio/wp-content/uploads/2024/12/sil-sitio.jpg","contentUrl":"https://santaanadelosguacaras.gob.ar/sitio/wp-content/uploads/2024/12/sil-sitio.jpg","width":500,"height":500},{"@type":"BreadcrumbList","@id":"https://santaanadelosguacaras.gob.ar/sitio/autoridades/#breadcrumb","itemListElement":[{"@type":"ListItem","position":1,"name":"Portada","item":"https://santaanadelosguacaras.gob.ar/sitio/"},{"@type":"ListItem","position":2,"name":"Autoridades"}]},{"@type":"WebSite","@id":"https://santaanadelosguacaras.gob.ar/sitio/#website","url":"https://santaanadelosguacaras.gob.ar/sitio/","name":"Municipalidad de Santa Ana de los Guácaras","description":"Descubre Santa Ana de los Guácaras, un rincón lleno de historia, cultura y naturaleza en Corrientes. Información oficial sobre eventos, turismo, servicios municipales y más. ¡Conéctate con nuestra comunidad!","publisher":{"@id":"https://santaanadelosguacaras.gob.ar/sitio/#organization"},"alternateName":"MuniSantaAna","potentialAction":[{"@type":"SearchAction","target":{"@type":"EntryPoint","urlTemplate":"https://santaanadelosguacaras.gob.ar/sitio/?s={search_term_string}"},"query-input":{"@type":"PropertyValueSpecification","valueRequired":true,"valueName":"search_term_string"}}],"inLanguage":"es"},{"@type":"Organization","@id":"https://santaanadelosguacaras.gob.ar/sitio/#organization","name":"Municipalidad de Santa Ana de los Guácaras","alternateName":"MuniSantaAna","url":"https://santaanadelosguacaras.gob.ar/sitio/","logo":{"@type":"ImageObject","inLanguage":"es","@id":"https://santaanadelosguacaras.gob.ar/sitio/#/schema/logo/image/","url":"https://santaanadelosguacaras.gob.ar/sitio/wp-content/uploads/2024/12/cropped-logo_muni_250.png","contentUrl":"https://santaanadelosguacaras.gob.ar/sitio/wp-content/uploads/2024/12/cropped-logo_muni_250.png","width":247,"height":95,"caption":"Municipalidad de Santa Ana de los Guácaras"},"image":{"@id":"https://santaanadelosguacaras.gob.ar/sitio/#/schema/logo/image/"},"sameAs":["https://www.facebook.com/MuniSantaAnaDeLosGuacaras","https://www.instagram.com/muni_santaana_ctes"]}]}</script>
<!-- / Yoast SEO plugin. -->

Autoridades - Municipalidad de Santa Ana de los Guácaras

Silvana Almirón Intendente Vanesa AymerichVice-Intendente

Municipalidad de Santa Ana de los Guácaras

Descubre Santa Ana de los Guácaras, un rincón lleno de historia, cultura y naturaleza en Corrientes. Información oficial sobre eventos, turismo, servicios municipales y más. ¡Conéctate con nuestra comunidad!
